late the remainder when 93 is divided by 60.
33
What is the remainder when 279 is divided by 137?
5
What is the remainder when 724 is divided by 208?
100
What is the remainder when 79 is divided by 10?
9
Calculate the remainder when 289 is divided by 21.
16
Calculate the remainder when 131 is divided by 9.
5
Calculate the remainder when 83 is divided by 32.
19
Calculate the remainder when 54 is divided by 4.
2
Calculate the remainder when 526 is divided by 33.
31
Calculate the remainder when 410 is divided by 59.
56
Calculate the remainder when 1819 is divided by 114.
109
What is the remainder when 258 is divided by 224?
34
Calculate the remainder when 2207 is divided by 17.
14
What is the remainder when 337 is divided by 16?
1
Calculate the remainder when 1485 is divided by 71.
65
What is the remainder when 5596 is divided by 25?
21
Calculate the remainder when 91 is divided by 32.
27
Calculate the remainder when 43 is divided by 11.
10
What is the remainder when 6611 is divided by 29?
28
What is the remainder when 58 is divided by 22?
14
What is the remainder when 9528 is divided by 9?
6
Calculate the remainder when 3062 is divided by 26.
20
Calculate the remainder when 1340 is divided by 603.
134
What is the remainder when 163 is divided by 154?
9
What is the remainder when 1233 is divided by 103?
100
Calculate the remainder when 544 is divided by 79.
70
What is the remainder when 13075 is divided by 29?
25
What is the remainder when 85 is divided by 11?
8
Calculate the remainder when 1848 is divided by 265.
258
What is the remainder when 876 is divided by 13?
5
Calculate the remainder when 1524 is divided by 90.
84
Calculate the remainder when 1289 is divided by 43.
42
What is the remainder when 230 is divided by 55?
10
Calculate the remainder when 300 is divided by 15.
0
Calculate the remainder when 277 is divided by 31.
29
Calculate the remainder when 46 is divided by 24.
22
Calculate the remainder when 201 is divided by 4.
1
Calculate the remainder when 633 is divided by 215.
203
Calculate the remainder when 916 is divided by 316.
284
What is the remainder when 132 is divided by 42?
6
Calculate the remainder when 256 is divided by 34.
18
Calculate the remainder when 20524 is divided by 11.
9
What is the remainder when 368 is divided by 124?
120
Calculate the remainder when 314 is divided by 98.
20
Calculate the remainder when 78886 is divided by 152.
150
What is the remainder when 1713 is divided by 123?
114
Calculate the remainder when 1026 is divided by 508.
10
Calculate the remainder when 430 is divided by 4.
2
What is the remainder when 323 is divided by 51?
17
What is the remainder when 1113 is divided by 556?
1
What is the remainder when 116 is divided by 67?
49
What is the remainder when 86119 is divided by 40?
39
What is the remainder when 598 is divided by 40?
38
What is the remainder when 222 is divided by 80?
62
What is the remainder when 304 is divided by 64?
48
What is the remainder when 249 is divided by 18?
15
Calculate the remainder when 145 is divided by 51.
43
What is the remainder when 2372 is divided by 126?
104
What is the remainder when 489 is divided by 71?
63
Calculate the remainder when 141 is divided by 49.
43
What is the remainder when 1087 is divided by 64?
63
What is the remainder when 10701 is divided by 24?
21
Calculate the remainder when 1358 is divided by 3.
2
What is the remainder when 629 is divided by 21?
20
Calculate the remainder when 1240 is divided by 180.
160
What is the remainder when 7997 is divided by 3992?
13
Calculate the remainder when 150 is divided by 22.
18
Calculate the remainder when 104 is divided by 14.
6
Calculate the remainder when 190 is divided by 64.
62
What is the remainder when 72 is divided by 21?
9
Calculate the remainder when 11749 is divided by 104.
101
What is the remainder when 387 is divided by 141?
105
Calculate the remainder when 246 is divided by 125.
121
Calculate the remainder when 388 is divided by 15.
13
Calculate the remainder when 669 is divided by 169.
162
What is the remainder when 1085 is divided by 193?
120
Calculate the remainder when 123 is divided by 31.
30
Calculate the remainder when 361 is divided by 70.
11
Calculate the remainder when 218 is divided by 37.
33
Calculate the remainder when 1675 is divided by 25.
0
Calculate the remainder when 143 is divided by 25.
18
What is the remainder when 380 is divided by 97?
89
What is the remainder when 194 is divided by 18?
14
What is the remainder when 365 is divided by 46?
43
What is the remainder when 708 is divided by 55?
48
What is the remainder when 101 is divided by 18?
11
What is the remainder when 147 is divided by 75?
72
Calculate the remainder when 229 is divided by 58.
55
Calculate the remainder when 720 is divided by 145.
140
What is the remainder when 57 is divided by 30?
27
Calculate the remainder when 396 is divided by 322.
74
Calculate the remainder when 197 is divided by 25.
22
What is the remainder when 789 is divided by 79?
78
What is the remainder when 529 is divided by 38?
35
What is the remainder when 39 is divided by 14?
11
What is the remainder when 70 is divided by 15?
10
Calculate the remainder when 517 is divided by 113.
65
Calculate the remainder when 1520 is divided by 7.
1
What is the remainder when 10 is divided by 5?
0
Calculate the remainder when 644 is divided by 224.
196
What is the remainder when 71 is divided by 26?
19
What is the remainder when 107 is divided by 59?
48
Calculate the remainder when 2523 is divided by 418.
15
What is the remainder when 38 is divided by 16?
6
What is the remainder when 52 is divided by 18?
16
What is the remainder when 452 is divided by 13?
10
Calculate the remainder when 218 is divided by 51.
14
Calculate the remainder when 5746 is divided by 50.
46
What is the remainder when 366 is divided by 90?
6
Calculate the remainder when 224 is divided by 35.
14
Calculate the remainder when 63 is divided by 11.
8
What is the remainder when 170 is divided by 58?
54
Calculate the remainder when 3594 is divided by 47.
22
What is the remainder when 3113 is divided by 92?
77
Calculate the remainder when 1559 is divided by 4.
3
Calculate the remainder when 23 is divided by 13.
10
Calculate the remainder when 118 is divided by 28.
6
What is the remainder when 231 is divided by 43?
16
Calculate the remainder when 144 is divided by 14.
4
Calculate the remainder when 2123 is divided by 142.
135
What is the remainder when 428 is divided by 63?
50
Calculate the remainder when 8929 is divided by 10.
9
What is the remainder when 9331 is divided by 13?
10
What is the remainder when 1021 is divided by 369?
283
What is the remainder when 825 is divided by 26?
19
Calculate the remainder when 100 is divided by 17.
15
What is the remainder when 49 is divided by 27?
22
What is the remainder when 309 is divided by 82?
63
What is the remainder when 1054 is divided by 8?
6
Calculate the remainder when 42 is divided by 26.
16
What is the remainder when 1266 is divided by 27?
24
What is the remainder when 2954 is divided by 8?
2
What is the remainder when 395 is divided by 36?
35
Calculate the remainder when 574 is divided by 96.
94
Calculate the remainder when 407 is divided by 84.
71
Calculate the remainder when 105 is divided by 50.
5
Calculate the remainder when 8190 is divided by 64.
62
What is the remainder when 61 is divided by 13?
9
Calculate the remainder when 118 is divided by 10.
8
What is the remainder when 6597 is divided by 120?
117
What is the remainder when 28 is divided by 16?
12
What is the remainder when 427 is divided by 84?
7
What is the remainder when 183 is divided by 64?
55
Calculate the remainder when 605 is divided by 18.
11
Calculate the remainder when 48 is divided by 16.
0
What is the remainder when 6009 is divided by 12?
9
Calculate the remainder when 1798 is divided by 18.
16
What is the remainder when 685 is divided by 115?
110
What is the remainder when 200 is divided by 93?
14
What is the remainder when 19 is divided by 3?
1
What is the remainder when 945 is divided by 79?
76
Calculate the remainder when 984 is divided by 21.
18
What is the remainder when 295 is divided by 27?
25
What is the remainder when 2517 is divided by 90?
87
Calcu